 the prime factors of 2730753.
3, 33713
List the prime factors of 6133794.
2, 3, 61, 16759
List the prime factors of 3459739359.
3, 211, 5465623
List the prime factors of 893528192.
2, 271, 25759
List the prime factors of 266082738.
2, 3, 233, 190331
List the prime factors of 87692255.
5, 7, 257, 9749
List the prime factors of 70896082.
2, 35448041
What are the prime factors of 49573329?
3, 13, 1271111
What are the prime factors of 341841934?
2, 7, 1087, 3209
List the prime factors of 27871289.
3607, 7727
List the prime factors of 2515912738.
2, 191, 389, 16931
List the prime factors of 187988520.
2, 3, 5, 1566571
What are the prime factors of 717184928?
2, 22412029
What are the prime factors of 4304323807?
7, 12549049
List the prime factors of 39393498.
2, 3, 19, 31, 71, 157
What are the prime factors of 24969382?
2, 19, 657089
List the prime factors of 148876971.
3, 49625657
What are the prime factors of 29876410?
2, 5, 89, 33569
What are the prime factors of 40128132?
2, 3, 11, 109, 2789
What are the prime factors of 812388452?
2, 17, 53, 431, 523
What are the prime factors of 57182414?
2, 31, 283, 3259
List the prime factors of 4333215058.
2, 71, 30515599
What are the prime factors of 1965758663?
11, 178705333
List the prime factors of 2816507917.
101, 3361, 8297
List the prime factors of 1754320050.
2, 3, 5, 7, 79561
What are the prime factors of 1975597369?
1975597369
List the prime factors of 242076365.
5, 31, 61, 25603
List the prime factors of 51113978.
2, 31, 824419
What are the prime factors of 14535340?
2, 5, 17, 42751
List the prime factors of 3256976075.
5, 130279043
What are the prime factors of 983386426?
2, 11, 1459, 30637
What are the prime factors of 544802092?
2, 7517, 18119
What are the prime factors of 8231425467?
3, 2743808489
List the prime factors of 118358723.
7, 1193, 14173
List the prime factors of 49387564.
2, 43, 287137
What are the prime factors of 2070796774?
2, 1433, 722539
What are the prime factors of 302131304?
2, 1619, 23327
What are the prime factors of 1611312075?
3, 5, 37, 149, 433
What are the prime factors of 234566558?
2, 23, 29, 175837
List the prime factors of 20212571.
1811, 11161
What are the prime factors of 28782137?
127, 226631
What are the prime factors of 1236386056?
2, 97, 1593281
List the prime factors of 33108370.
2, 5, 3310837
List the prime factors of 36361237.
11, 1087, 3041
What are the prime factors of 1264556953?
11, 114959723
What are the prime factors of 320619299?
7, 11, 13, 45757
List the prime factors of 241669325.
5, 29, 333337
List the prime factors of 368516215.
5, 1831, 40253
What are the prime factors of 189082385?
5, 37816477
List the prime factors of 966795484.
2, 631, 383041
List the prime factors of 2131237383.
3, 11, 31, 2083321
List the prime factors of 3481353344.
2, 7, 397, 9787
List the prime factors of 7022815382.
2, 11, 89, 3586729
What are the prime factors of 6571902045?
3, 5, 438126803
What are the prime factors of 98056736?
2, 227, 13499
What are the prime factors of 5257178395?
5, 7, 21457871
List the prime factors of 11101947.
3, 19, 194771
List the prime factors of 1098920200.
2, 5, 7, 29, 27067
What are the prime factors of 144006807?
3, 7, 6857467
List the prime factors of 497414988.
2, 3, 7, 739, 2671
What are the prime factors of 461341774?
2, 19, 23, 527851
List the prime factors of 5970846900.
2, 3, 5, 19, 449, 2333
What are the prime factors of 1695116198?
2, 19, 44608321
List the prime factors of 287339701.
11, 599, 43609
List the prime factors of 500574104.
2, 29, 379, 5693
What are the prime factors of 416132003?
7, 31, 1917659
What are the prime factors of 510499295?
5, 102099859
What are the prime factors of 142353237?
3, 13, 109, 33487
List the prime factors of 48511807.
19, 23, 31, 3581
What are the prime factors of 36918497?
7, 11, 479461
List the prime factors of 28577166.
2, 3, 1487, 3203
List the prime factors of 355213865.
5, 179, 396887
List the prime factors of 112959996.
2, 3, 9413333
What are the prime factors of 2940327676?
2, 11, 13, 701, 7333
List the prime factors of 4230881513.
37, 73, 839, 1867
List the prime factors of 29774999.
59, 504661
What are the prime factors of 3073000351?
907, 3388093
What are the prime factors of 50352493?
163, 541, 571
List the prime factors of 2358411764.
2, 883, 667727
List the prime factors of 1673176048.
2, 6703, 15601
What are the prime factors of 3234459350?
2, 5, 101, 727, 881
List the prime factors of 225528530.
2, 5, 22552853
List the prime factors of 257353237.
43, 5984959
What are the prime factors of 50137707?
3, 3001, 5569
List the prime factors of 52025723.
317, 337, 487
What are the prime factors of 44745481?
11, 67, 109, 557
What are the prime factors of 24405964?
2, 11, 157, 3533
What are the prime factors of 4609458475?
5, 184378339
List the prime factors of 8287336.
2, 1035917
List the prime factors of 421605130.
2, 5, 42160513
List the prime factors of 38843280.
2, 3, 5, 7, 367
List the prime factors of 1530336445.
5, 11, 27824299
List the prime factors of 29332868.
2, 67, 109451
List the prime factors of 34384621.
34384621
List the prime factors of 42031928.
2, 61, 86131
List the prime factors of 388229178.
2, 3, 64704863
List the prime factors of 35723267.
35723267
List the prime factors of 7168300736.
2, 29, 79, 48889
List the prime factors of 85548719.
877, 97547
What are the prime factors of 74879878?
2, 37439939
What are the prime factors of 537895993?
53, 10148981
List the prime factors of 80070071.
127, 630473
What are the prime factors of 55961089?
443, 126323
List the prime factors of 665854004.
2, 2153, 77317
What are the prime factors of 2330783728?
2, 7, 13, 1600813
What are the prime factors of 50026470?
2, 3, 5, 13, 128273
List the prime factors of 15812870.
2, 5, 1581287
List the prime factors of 891515809.
53, 3557, 4729
List the prime factors of 257074777.
311, 826607
What are the prime factors of 373890?
2, 3, 5, 11, 103
List the prime factors of 710844678.
2, 3, 2819, 14009
List the prime factors of 50757235.
5, 479, 21193
List the prime factors of 31121851.
59, 527489
List the prime factors of 127894458.
2, 3, 563, 37861
List the prime factors of 4035339892.
2, 6949, 145177
List the prime factors of 1066409334.
2, 3, 19748321
What are the prime factors of 275440821?
3, 47, 1953481
What are the prime factors of 1224859353?
3, 408286451
What are the prime factors of 38448561?
3, 103, 124429
What are the prime factors of 142612384?
2, 257, 17341
What are the prime factors of 217645567?
2693, 80819
List the prime factors of 54013853.
61, 885473
What are the prime factors of 5071163105?
5, 41, 617, 40093
What are the prime factors of 2705868553?
6547, 413299
List the prime factors of 4593133880.
2, 5, 114828347
What are the prime factors of 2110267994?
2, 113, 9337469
List the prime factors of 1815164481.
3, 13, 251, 185429
What are the prime factors of 4938294285?
3, 5, 613, 179021
What are the prime factors of 438425004?
2, 3, 36535417
List the prime factors of 2236088025.
3, 5, 1104241
List the prime factors of 539382182.
2, 757, 356263
What are the prime factors of 63783507?
3, 17, 131, 9547
List the prime factors of 79794513.
3, 8866057
List the prime factors of 1180715484.
2, 3, 13, 17, 139, 3203
What are the prime factors of 43594636?
2, 499, 21841
What are the prime factors of 519529260?
2, 3, 5, 1061, 8161
What are the prime factors of 5935273708?
2, 7, 13, 16305697
What are the prime factors of 1445654924?
2, 7, 53, 974161
What are the prime factors of 6126330049?
7, 53, 2377, 6947
What are the prime factors of 1060716116?
2, 19, 23, 47, 12911
List the prime factors of 40226525.
5, 1609061
What are the prime factors of 1494500811?
3, 498166937
List the prime factors of 105293804.
2, 7, 11, 341863
What are the prime factors of 2755799427?
3, 21943, 41863
List the prime factors of 279182800.
2, 5, 13, 53, 1013
What are the prime factors of 1828725270?
2, 3, 5, 60957509
What are the prime factors of 196526783?
17, 11560399
What are the prime factors of 72721661?
283, 256967
What are the prime factors of 156248203?
156248203
List the prime factors of 592687146.
2, 3, 43, 73, 31469
List the prime factors of 4610558564.
2, 23, 199, 251833
What are the pri